by 37.
32
What is the remainder when 255 is divided by 43?
40
Calculate the remainder when 1023 is divided by 372.
279
Calculate the remainder when 49 is divided by 27.
22
Calculate the remainder when 227 is divided by 64.
35
What is the remainder when 33028 is divided by 29?
26
What is the remainder when 338 is divided by 20?
18
Calculate the remainder when 4420 is divided by 146.
40
What is the remainder when 978 is divided by 272?
162
What is the remainder when 179 is divided by 84?
11
Calculate the remainder when 552 is divided by 6.
0
Calculate the remainder when 64 is divided by 16.
0
Calculate the remainder when 461 is divided by 153.
2
Calculate the remainder when 511 is divided by 26.
17
Calculate the remainder when 13 is divided by 3.
1
What is the remainder when 137 is divided by 130?
7
What is the remainder when 440 is divided by 13?
11
What is the remainder when 524 is divided by 88?
84
Calculate the remainder when 94 is divided by 9.
4
What is the remainder when 7701 is divided by 641?
9
Calculate the remainder when 127 is divided by 27.
19
Calculate the remainder when 4091 is divided by 57.
44
What is the remainder when 350 is divided by 16?
14
Calculate the remainder when 16992 is divided by 15.
12
What is the remainder when 276 is divided by 87?
15
Calculate the remainder when 88 is divided by 42.
4
What is the remainder when 260 is divided by 114?
32
What is the remainder when 142 is divided by 24?
22
What is the remainder when 537 is divided by 442?
95
Calculate the remainder when 1081 is divided by 251.
77
Calculate the remainder when 100 is divided by 30.
10
What is the remainder when 17 is divided by 9?
8
What is the remainder when 287 is divided by 72?
71
What is the remainder when 170 is divided by 37?
22
What is the remainder when 179 is divided by 19?
8
What is the remainder when 4041 is divided by 13?
11
Calculate the remainder when 898 is divided by 100.
98
What is the remainder when 423 is divided by 10?
3
Calculate the remainder when 3019 is divided by 56.
51
What is the remainder when 690 is divided by 337?
16
What is the remainder when 94 is divided by 25?
19
What is the remainder when 23802 is divided by 13?
12
What is the remainder when 2399 is divided by 20?
19
What is the remainder when 531 is divided by 188?
155
What is the remainder when 37 is divided by 12?
1
What is the remainder when 1077 is divided by 32?
21
Calculate the remainder when 815 is divided by 205.
200
What is the remainder when 6360 is divided by 148?
144
Calculate the remainder when 119 is divided by 61.
58
Calculate the remainder when 781 is divided by 27.
25
What is the remainder when 313 is divided by 79?
76
Calculate the remainder when 2265 is divided by 559.
29
What is the remainder when 2615 is divided by 109?
108
What is the remainder when 10530 is divided by 24?
18
Calculate the remainder when 25 is divided by 9.
7
What is the remainder when 20578 is divided by 28?
26
What is the remainder when 374 is divided by 16?
6
What is the remainder when 1114 is divided by 43?
39
What is the remainder when 99 is divided by 39?
21
What is the remainder when 778 is divided by 10?
8
Calculate the remainder when 2255 is divided by 94.
93
Calculate the remainder when 85 is divided by 35.
15
What is the remainder when 855 is divided by 219?
198
Calculate the remainder when 645 is divided by 27.
24
Calculate the remainder when 4636 is divided by 221.
216
Calculate the remainder when 293 is divided by 60.
53
Calculate the remainder when 5021 is divided by 2504.
13
Calculate the remainder when 114 is divided by 41.
32
Calculate the remainder when 58 is divided by 30.
28
Calculate the remainder when 1795 is divided by 2.
1
What is the remainder when 398 is divided by 114?
56
What is the remainder when 173 is divided by 29?
28
What is the remainder when 2026 is divided by 505?
6
Calculate the remainder when 578 is divided by 7.
4
Calculate the remainder when 447 is divided by 5.
2
What is the remainder when 312 is divided by 59?
17
Calculate the remainder when 911 is divided by 893.
18
What is the remainder when 1579 is divided by 21?
4
Calculate the remainder when 213 is divided by 90.
33
What is the remainder when 403 is divided by 14?
11
Calculate the remainder when 311 is divided by 29.
21
What is the remainder when 37050 is divided by 157?
155
Calculate the remainder when 3893 is divided by 41.
39
Calculate the remainder when 623 is divided by 78.
77
What is the remainder when 178 is divided by 4?
2
What is the remainder when 1605 is divided by 11?
10
Calculate the remainder when 791 is divided by 115.
101
Calculate the remainder when 228 is divided by 18.
12
Calculate the remainder when 1413 is divided by 241.
208
What is the remainder when 87 is divided by 40?
7
Calculate the remainder when 97 is divided by 4.
1
What is the remainder when 331 is divided by 125?
81
What is the remainder when 24 is divided by 11?
2
Calculate the remainder when 101 is divided by 54.
47
Calculate the remainder when 165 is divided by 77.
11
Calculate the remainder when 60 is divided by 14.
4
What is the remainder when 70 is divided by 6?
4
What is the remainder when 110 is divided by 35?
5
What is the remainder when 266 is divided by 53?
1
What is the remainder when 5120 is divided by 3?
2
What is the remainder when 2548 is divided by 25?
23
Calculate the remainder when 264 is divided by 54.
48
Calculate the remainder when 969 is divided by 48.
9
What is the remainder when 2431 is divided by 128?
127
Calculate the remainder when 1175 is divided by 24.
23
Calculate the remainder when 1229 is divided by 245.
4
What is the remainder when 374 is divided by 90?
14
What is the remainder when 626 is divided by 50?
26
Calculate the remainder when 57 is divided by 12.
9
Calculate the remainder when 2436 is divided by 347.
7
What is the remainder when 91 is divided by 22?
3
Calculate the remainder when 2437 is divided by 20.
17
Calculate the remainder when 253 is divided by 88.
77
What is the remainder when 3016 is divided by 10?
6
Calculate the remainder when 146 is divided by 22.
14
Calculate the remainder when 12113 is divided by 52.
49
What is the remainder when 414 is divided by 100?
14
What is the remainder when 772 is divided by 9?
7
What is the remainder when 157 is divided by 14?
3
Calculate the remainder when 745 is divided by 37.
5
Calculate the remainder when 1466 is divided by 21.
17
Calculate the remainder when 23102 is divided by 152.
150
What is the remainder when 997 is divided by 247?
9
What is the remainder when 2093 is divided by 28?
21
What is the remainder when 49 is divided by 21?
7
What is the remainder when 1257 is divided by 84?
81
What is the remainder when 771 is divided by 65?
56
Calculate the remainder when 1079 is divided by 120.
119
What is the remainder when 5099 is divided by 3?
2
What is the remainder when 549 is divided by 83?
51
Calculate the remainder when 184 is divided by 64.
56
What is the remainder when 1860 is divided by 98?
96
Calculate the remainder when 31415 is divided by 136.
135
Calculate the remainder when 485 is divided by 240.
5
Calculate the remainder when 580 is divided by 98.
90
Calculate the remainder when 9983 is divided by 256.
255
Calculate the remainder when 1286 is divided by 39.
38
Calculate the remainder when 33 is divided by 19.
14
Calculate the remainder when 98 is divided by 50.
48
Calculate the remainder when 26 is divided by 12.
2
Calculate the remainder when 663 is divided by 6.
3
What is the remainder when 264 is divided by 244?
20
What is the remainder when 2065 is divided by 22?
19
What is the remainder when 230 is divided by 11?
10
Calculate the remainder when 4796 is divided by 2392.
12
Calculate the remainder when 58 is divided by 21.
16
Calculate the remainder when 19797 is divided by 41.
35
What is the remainder when 67 is divided by 13?
2
Calculate the remainder when 122 is divided by 62.
60
Calculate the remainder when 125 is divided by 27.
17
Calculate the remainder when 1188 is divided by 7.
5
Calculate the remainder when 5373 is divided by 19.
15
What is the remainder when 3397 is divided by 18?
13
Calculate the remainder when 1254 is divided by 160.
134
Calculate the remainder when 5252 is 